. List the prime factors of c.
2
List the prime factors of 1 - (4 - (0 + 49)).
2, 23
Suppose 9 = 3*w - 0. What are the prime factors of w?
3
Let i be 1 + (-2)/2 + 2. Suppose 4*n + 0*n - i*m - 10 = 0, 3*n = -5*m + 1. Let s = n + 3. What are the prime factors of s?
5
Suppose -17*q - 200 = -22*q. What are the prime factors of q?
2, 5
Let g = 9 - -30. What are the prime factors of g?
3, 13
Let s(r) = -r**3 - 12*r**2 + 23*r + 20. What are the prime factors of s(-14)?
2, 3, 5
Suppose -37 = -x + 21. What are the prime factors of x?
2, 29
Let l be (-9)/(-2*(-2)/12). Let b = -2 - l. Let a = b + -15. List the prime factors of a.
2, 5
Let g(q) = -4 + 0*q**2 + 8*q**2 - 3*q - 6 + q**3. Let u = 12 - 20. List the prime factors of g(u).
2, 7
Let t(r) = r**2 - 8*r - 2. Let a be t(8). Suppose 0 = g + 3*p - 1, -3*g - 5*p = -g - 1. List the prime factors of a + (-14)/(g + 1).
2, 3
Let u = 3 + -1. Suppose 60 = -4*j + u*j. Let m = -18 - j. What are the prime factors of m?
2, 3
Suppose 0 = 4*p + 7 - 11. Let i be (-1)/(42/22 - 2). Let w = i - p. List the prime factors of w.
2, 5
Let q(a) = -a**3 + 3*a**2 + 6*a + 2. Suppose 1 = 2*g - 7. List the prime factors of q(g).
2, 5
Suppose 0 = 3*c + t + 164, -5*c + t = -2*c + 172. List the prime factors of (c/6 - 0)*-3.
2, 7
Let m(o) = -41*o**3 + 2*o**2 - 1. Let x be m(1). Let h = x - -60. List the prime factors of h.
2, 5
Let u(r) = r - 5. What are the prime factors of u(15)?
2, 5
What are the prime factors of 1340/35 + (-4)/14?
2, 19
Suppose -d + 13 = -16. List the prime factors of d.
29
Let o be -1 - 6*(-3 + 0). Suppose d - o = -3*q, 7 = 2*d + d - 2*q. Suppose -5*r + 3*u = -45, 23 = -0*r + 4*r - d*u. What are the prime factors of r?
2, 3
Let s(f) = -72*f**3 + f**2 + f. What are the prime factors of s(-1)?
2, 3
Let i(n) = -4*n + 1. Let x be i(-3). Let a = 5 + x. Let f = a + -11. List the prime factors of f.
7
Let m(z) = 5 - 8*z**3 + 7*z**3 + 9*z + z**2 - 5*z**2. What are the prime factors of m(-6)?
23
List the prime factors of 113 - 4*(3 - 4) - 2.
5, 23
Suppose -45 + 17 = -4*h - 4*g, 4*h - 22 = 2*g. Let p = 11 + h. What are the prime factors of p?
17
Suppose -s + 22 = -2. What are the prime factors of s?
2, 3
Let o = -128 + 201. What are the prime factors of o?
73
Let f(o) = -4*o - 2. Let v be (4/5)/((-2)/10). List the prime factors of f(v).
2, 7
List the prime factors of (-1560)/(-110) + (-2)/11.
2, 7
Let u = -2 - -3. Suppose 5*a + 0*a - u = -3*w, 15 = 3*a - 3*w. Suppose 4 + 11 = a*k - h, h = -2*k + 21. List the prime factors of k.
3
Suppose -2*v + 19 = -53. What are the prime factors of v?
2, 3
Let n be 902/15 + (-2)/15. Let d = n - 40. List the prime factors of d.
2, 5
Suppose 3*d - 10 = 5*i, d - i - 2 + 0 = 0. Suppose d = 2*p + p - 57. List the prime factors of p.
19
Let g(w) = -w**2 - 5*w - 3. Let z be g(-3). Let p = 2 - z. What are the prime factors of p - -8 - (2 + -3)?
2
Let i(s) = -s + 1. Let x(a) = 21*a + 8. Let w(y) = 4*i(y) - x(y). List the prime factors of w(-2).
2, 23
What are the prime factors of (16/10)/((-1)/(-20))?
2
Let y(f) = 3*f**2 - 9*f - 2. List the prime factors of y(5).
2, 7
Suppose -2*n = -3*b - 65, 3*n - 5*b + 10*b = 107. List the prime factors of n.
2, 17
Let a(j) = -11*j - 21. Suppose 5*g + 30 = -2*c, 5*g + 18 = 2*g + 3*c. What are the prime factors of a(g)?
3, 5
Let m = 229 - 137. What are the prime factors of m?
2, 23
Suppose 24 - 68 = -i. List the prime factors of i.
2, 11
Let f = -2 + 5. Let p = f - -5. What are the prime factors of p?
2
List the prime factors of 331/4 - 2/(-8).
83
Let r(u) = u**3 - 2*u**2 - 6*u + 6. Let b be r(4). Suppose 6*m - b = 5*m. What are the prime factors of m?
2, 7
Let q(p) = 40*p**2 + 10*p + 14. List the prime factors of q(-3).
2, 43
Suppose -3*j + 3 = 9. Let u be (-52)/(-3)*(j + 5). Suppose -4*f - 12 = -u. What are the prime factors of f?
2, 5
Suppose -2*a + 3*c = -4*a + 47, 0 = c + 3. List the prime factors of a.
2, 7
Suppose 99 - 19 = 4*j. Let f be (27/(-6))/((-2)/j). Suppose 0 = -2*a - 3*a + f. What are the prime factors of a?
3
Suppose 2 = -2*m - 4*a + 10, -2*m = -2*a - 2. Let u = 4 - m. List the prime factors of (3 - 2)*(7 - u).
5
Let t(o) = 2*o**2 + o**2 - o**2 + 2 - o**2. Let f be t(0). Suppose f*u = 5*u - 48. What are the prime factors of u?
2
Suppose -4*d + 4*q + 16 = 3*q, -3*q = 4*d - 32. Suppose 2*i - d = i. What are the prime factors of i?
5
Suppose g + 3*g = -3*f + 1018, 2*f + g - 687 = 0. What are the prime factors of f?
2, 173
Let z(y) = -y - 2. What are the prime factors of z(-17)?
3, 5
Let d(x) = x - 6. Let i be d(4). Let t(m) = -4*m + 2 - 2 - 1. What are the prime factors of t(i)?
7
Let z be 134/2 + (-9)/3. Suppose -3*c + 7*c = z. List the prime factors of c.
2
Let a(d) = 4*d**2 - 49. What are the prime factors of a(8)?
3, 23
Let h = 583 - 350. What are the prime factors of h?
233
List the prime factors of (10/(-5) - -17)*(-24)/(-9).
2, 5
Let v(i) = 4*i - 6. Suppose r = -r + 36. Suppose -r - 2 = -5*y. What are the prime factors of v(y)?
2, 5
Let u be (1*9)/((-6)/4). Let q = u + 1. List the prime factors of 2/5 + (-58)/q.
2, 3
Suppose 3*r - 12 = 0, -a + 110 = a + 2*r. What are the prime factors of a?
3, 17
Suppose -g = -0*g - 3. Let x(u) = 2*u**3 - 4*u**2 - 2. List the prime factors of x(g).
2
Let t(h) = -h + 11. List the prime factors of t(-6).
17
Let a(l) = l**2 - 15*l + 2. What are the prime factors of a(17)?
2, 3
Let z(s) = 4*s**2 + 3 - 6*s - 5*s**2 + 3*s. Let f(r) = r + 10. Let h be f(-13). List the prime factors of z(h).
3
Suppose 8*m = 75 + 13. What are the prime factors of m?
11
Suppose -5*n + 923 + 300 = 4*o, -2*n + 2*o = -482. List the prime factors of n.
3
Let r(w) = w**3 + 4*w**2 + 3*w + 1. Let a be r(-2). Suppose -a*d + 14 + 13 = 0. List the prime factors of d.
3
Let b(f) = f**2 - 3*f - 6. Let t be b(5). Suppose 5*q = -2*k - 3 + 26, 2*k + t = 4*q. Suppose 16 = q*d - 11. List the prime factors of d.
3
Let b be ((0 - 0)/(-1))/(-1). What are the prime factors of b - (-1)/(2/52)?
2, 13
List the prime factors of (119 - 8) + (1 - 2).
2, 5, 11
Let v = -107 - -176. Suppose -3*l - 5*c = -0*c - 71, 0 = -5*l + 4*c + v. What are the prime factors of l?
17
Suppose -5*x + 2 = 27. Let z(f) = 2*f + 1. Let s be z(3). Let h = s + x. List the prime factors of h.
2
Suppose 2*w - 31 - 33 = 0. What are the prime factors of w?
2
Let b(d) = -2*d - 5. Let p be b(-4). Let v = p + -1. List the prime factors of (-4)/(v/8*-2).
2
List the prime factors of (12/21)/((-4)/(-406)).
2, 29
Let h = -65 + 102. What are the prime factors of h?
37
Let t be 15/(-3)*18/(-5). Suppose -t + 54 = 4*g. What are the prime factors of g?
3
Suppose 40 = -2*h + 16. Let b(k) = k. Let g be b(-2). What are the prime factors of (12/8)/(g/h)?
3
Let q be (-2 + 0)*(-1)/2. Let m be (q/1)/((-3)/(-108)). Suppose 0 = -0*w - 3*w + m. What are the prime factors of w?
2, 3
Let j(p) = p**3 - 5*p**2 - 6*p + 2. Let i be j(6). Suppose i*f = 7*f. List the prime factors of (-2 + f/(-2))/(-1).
2
Let x be (-7)/((-21)/(-6)) - 0. What are the prime factors of 0 + (12 - (1 - x))?
3
Let w(c) be the second derivative of c**3/6 - 3*c**2 + c. List the prime factors of w(11).
5
Let y(c) = -8*c**3 - 2*c**2 - 2*c. What are the prime factors of y(-1)?
2
Suppose 15*c + 0*c - 1500 = 0. What are the prime factors of c?
2, 5
Suppose -2*l - 32 = 5*y, 0*l - 20 = 4*y + 3*l. Let v be (-1 - 1) + 1 + 12. Let s = y + v. List the prime factors of s.
3
Suppose 0 = -6*q + 30 + 642. List the prime factors of q.
2, 7
Suppose 158 = 3*w + 50. List the prime factors of w.
2, 3
What are the prime factors of 5/((-10)/(-12)) + 1?
7
Let w be 1/(((-10)/12)/(-5)). Suppose 2*q + w = -0*q. Let h(c) = -c**3 - 4*c**2 - 3*c + 4. What are the prime factors of h(q)?
2
Let v = -6 - -3. Let s be (-12)/(-3) - (v + 3). Suppose 5*w - 35 = -5*j, 0*j - 44 = -2*w + s*j. List the prime factors of w.
2, 3
Suppose 5*s = 5*a + 230, -64 = -2*s + 4*a + 30. Let z = s + -20. Suppose o - 9 = -d - 0*o, -5*o = d - z. What are the prime factors of d?
5
List the prime factors of 18/27 - (-1340)/6.
2, 7
Suppose -s + 5*m = -3*s + 136, 5*s = -3*m + 359. List the prime factors of s.
73
Let y(v) = 2*v**2 - 12*v - 4. List the prime factors of y(7).
2, 5
Let u = 872 - 582. What are the prime factors of u?
2, 5, 29
Let b(m) be the third derivative of -m**6/120 - 7*m**5/60 